-19 + 16 + 1 - (7 - -1).
-10
Calculate 2 + 22 - (-64 - -78).
10
Evaluate (14 - 1 - 4) + 118 + -119.
8
Evaluate -13 + 19 - 19 - (-10 + -2).
-1
-1 + 3 + -16 - -14
0
Evaluate 9 - (13 + 5 + (-15 - -5)).
1
0 + 9 + (1 - 1) + -8 + 2
3
What is the value of -1 - 10 - (-6 - ((3 - -2) + -6))?
-6
What is the value of -9 + 13 + -34 + (5 - -4)?
-21
Evaluate 6 + (3 - (-12 - -12)) + 8.
17
(7 + -7 - 3 - (-7 - -11)) + -1
-8
Calculate 2 - -12 - (-63 + 88).
-11
Evaluate (281 + -296 - (-10 - (0 + -1))) + -9.
-15
What is 12 - (15 - (-12 + 21))?
6
(13 - (3 + -2)) + 0 + 3
15
(-1 - (-24 - -9)) + 3 + -3 - 8
6
Evaluate 15 - (-16 + (-26 - -48)).
9
Evaluate 16 + -1 - (-1627 - -1611).
31
Calculate -34 - (0 + 0) - (1045 + -1061).
-18
Evaluate 3 - (32 + -5 + -9 + -4).
-11
What is the value of -14 + 24 + -1 - 18?
-9
Evaluate 20 + -4 + 2 + -22 + 13 - 7.
2
Calculate 2 - 20 - (-11 - (-2 - 2)).
-11
Evaluate (3 - (-1 - -7)) + (2 - -2) + -2.
-1
-3 + 12 + -22 + 7 + 17
11
What is the value of 33 - (14 - (16 + -8))?
27
5 - (-6 - ((2 - -3 - 22) + -4))
-10
Evaluate 25 + -21 - 12 - -24.
16
What is the value of -2 + -9 + 6 + (7 - 1) + -6?
-5
What is the value of -14 + (14 - -8) + 8?
16
Evaluate 13 - (-29 + -14 + 15 + 17).
24
What is (0 - -10) + 27 + -30 - 26?
-19
What is the value of 7 + -10 + -1 - (4 + (-10 - 3))?
5
Calculate (3 + -2 + -1 - -5) + (-61 - -62).
6
13 - -2 - ((-5 - 9) + 4)
25
What is the value of 20 - ((-2 - (-8 - -14)) + 60)?
-32
What is the value of (0 - 14) + (276 - 273)?
-11
What is the value of -7 + -21 + -29 - -36?
-21
Evaluate (104 - 82) + -30 + 1.
-7
What is 11 - 28 - (9 + -15)?
-11
What is 13 + (23 + 14 - 68)?
-18
What is the value of 8 + -20 - (8 + -11)?
-9
What is the value of 0 - (-7 + 4) - (-56 + 76)?
-17
12 + (-38 - -36) + -26
-16
What is -2 + -1 + 0 + (6 - 4) - 8?
-9
Evaluate 42 + (-1 - (0 + 1)) - 10.
30
Calculate 20 + 3 + (3 - (13 + -5)) + -3.
15
Evaluate -55 + 68 + -7 + -5.
1
-14 - (-41 + (5 - -14))
8
Calculate -2 + 16 - (-530 - -577).
-33
What is (25 - -2) + -6 + 14 + -22 + 15?
28
Evaluate 39 + (-28 - -18) + -13.
16
-2 - (-19 - 26 - -51)
-8
Evaluate (40 - 44) + -8 - (1 + -3).
-10
7 + -18 + 12 - -3
4
-7 + -2 + (1 - -23 - 9) + -20
-14
What is 8 + (-8 + 1 - 3) + -1?
-3
Calculate 25 + (-20 - 1) + 12.
16
Evaluate -1 - (0 + 5 - 6).
0
Calculate (-45 - (13 - 69)) + 14 + 2.
27
Calculate -12 + 1 + 5 + -5 + -3.
-14
Calculate -65 - -53 - (-9 - -4).
-7
Calculate (0 - (0 + 2)) + 11 + -3.
6
Evaluate 17 - (-2 + 10 + (-3 - -1)).
11
Calculate -6 + -17 + 51 + -22.
6
What is -5 + (-1 - -10 - 11) + 2?
-5
What is (-13 - 1) + 15 - -1?
2
What is the value of -10 + (-10 - (-9 + (3 - -4))) + 6?
-12
-33 - (-23 + -18 - -39)
-31
Evaluate 17 + 37 + -57 - (-2 - 2 - 2).
3
What is the value of (1 - (12 - -1)) + (187 - 195)?
-20
What is 0 - (-3 + 1 + 7 + 5 - 4)?
-6
Evaluate 4 + 0 + -10 + (6 + 12 - 12).
0
What is the value of (-5 - -8) + -10 + 27 + -9 + 4?
15
Calculate -5 - 13 - (-21 - 12).
15
Calculate (13 - (-4 + 11)) + (2 - -4).
12
18 - (-4 + 1 + 4 + 2 + -2)
17
What is 2 - (-7 - 1) - (22 + -8)?
-4
What is 6 - (-12 + 31 + -6)?
-7
Calculate 3 - -8 - 12 - (9 + (1 - -1)).
-12
-7 + -18 + 6 + -6 + (-3 - -17)
-11
Evaluate 81 - (65 + -24) - 72.
-32
What is the value of (-36 - -25) + -13 + 23?
-1
(-13 + 19 - 14) + 18
10
Calculate -1 + (3 - (-9 - -19)) - (1 - 7).
-2
What is -17 - (-1 + (10 - 10) + -5)?
-11
Calculate (-3 - 1) + 2 - (-353 + 355).
-4
What is the value of -6 + 2 + (0 - 1) + (-15 - -9)?
-11
What is 3 + -25 + 29 - (1 + 20)?
-14
What is the value of 16 - (-7 - -6 - (-7 + 1 - -1))?
12
What is (-1 + 2 - 8) + 12 + -6 - 6?
-7
Evaluate -12 + -13 + (16 - 4).
-13
What is the value of (72 - 80) + -14 + 0 + 9?
-13
What is the value of 12 + (-15 - 15 - -9)?
-9
Calculate 0 + 0 - (34 - (19 - -15)) - 4.
-4
Evaluate -5 + 8 + -1 + 2 + 9 + 4.
17
What is 2 + 5 + -4 + 4 - (-136 - -134)?
9
What is -12 + -20 + 18 - (2 + -8)?
-8
Calculate -3 + 3 + 2 + -8 - -15.
9
Calculate 12 + (-5 - 5) + 11 + -1.
12
31 + -21 + 5 - -10
25
52 - (-10 + -19 + 61)
20
What is -16 + (11 - -2) + (14 - 0)?
11
Evaluate 13 + -16 + 2 - (-8 - -3).
4
Evaluate -3 + (2 - -2) - (8 + 2 + 3).
-12
Evaluate -5 - (4 + 14 - 12 - -4).
-15
-13 + (3 + 12 - 10) - -23
15
Evaluate -25 - (-20 - -17) - -10.
-12
Evaluate -138 + 155 - (-1 + -6).
24
Evaluate 4 - ((0 - -1) + -38 + 36).
5
Evaluate -2 + -8 - -8 - (0 - 2) - 3.
-3
Evaluate -16 + ((4 - 3) + 0 + -3 - -1).
-17
What is -26 - (7 + -7 + -11 - -6)?
-21
What is the value of -10 - -12 - (-13 - -19)?
-4
Calculate -15 + 2 + 3 + -1.
-11
Evaluate 18 + -17 + (2 - (7 + -2)).
-2
Calculate -12 - -2 - (269 + -281).
2
-5 + 1 + (6 - 7 - -13)
8
Calculate 6 - ((-6 - -13) + (-2 - -1) + 4).
-4
Calculate 35 - (15 + (19 - 22)).
23
-9 + (-31 + 14 - -30)
4
-5 - -11 - 1 - -3 - -1 - 49
-40
What is the value of 22 + 6 + -17 - (0 + 0 + -1)?
12
Evaluate 29 + -2 - (-5 + -12 + 18) - 5.
21
-42 + (19 - 10) - -18
-15
What is the value of 6 - (0 + 1) - (-35 - -25)?
15
What is -15 + (15 - 3) + -4 + -19?
-26
What is (-6 - (4 + -8)) + 1 + -6 + 12?
5
What is (4 - -6) + -2 - 15?
-7
(-1 - (-2 - 1)) + (-41 - -33)
-6
What is the value of -10 + -1 + 23 + -44 + 30?
-2
Calculate (-1 - -14) + (-2 - -3) - (1 - -2).
11
What is 11 - 0 - (-5 - 4) - 2?
18
Calculate -1 - -2 - (-41 + 41).
1
Calculate 4 + (-2 - (2 + 9)) - -32.
23
Calculate -2 + -2 + 15 - (-135 - -136).
10
What is the value of -64 + 18 + 25 - -45?
24
What is the value of (13 - -1) + 0 + 131 + -140 - 11?
-6
Calculate (-6 - 1) + 8 + -3 - (-7 + 1).
4
-10 + 1 + (-1 - 0) + (5 - -2)
-3
-1 + 13 + (3 - 19) + (-1 - -9)
4
What is the value of -1 + -8 + -2 + 151 + -153 + 7?
-6
Evaluate 1 + 15 - (36 + -13 + -27).
20
-1 + -1 + (-14 - -47 - 29)
2
-4 - ((-24 - -12) + 20)
-12
(2 - (-15 + -11)) + (2 - (7 - 1))
24
What is (4 + -8 - -6 - 3) + -14?
-15
What is 24 + (1 - -11) + (155 - 169)?
22
(684 - 678) + (-2 - (-1 - (-2 + 1)))
4
Evaluate -42 + -2 - (-5 - 25).
-14
Calculate -7 - (3 + -3 + -3 - 9).
5
What is the value of 16 - (9 + -20 - -19)?
8
Evaluate (-14 - -5) + (4 - 7) - (1 - 6).
-7
What is 7 - (-5 - (-3 - 2)) - 3?
4
4 + 10 - (-3 + 9 + -3)
11
Evaluate -27 + 2 + 36 + -25 + (-9 - 0).
-23
Calculate -12 + 62 + (-20 - -9) - 12.
27
What is -7 - (8 + 6 + -11 - 25)?
15
7 - ((7 - 6) + 0 - (28 - 23))
11
Evaluate -22 + 8 + (-7 - (0 - (4 + 2))).
-15
What is (-1 - -4) + (-6 - (3 - (-8 - -9)))?
-5
(0 - 1 - 28) + (62 - (14 + 41))
-22
Evaluate -18 + -5 + 12 + (9 - -11).
9
What is the value of (-21 - -12) + 1 - (4 + -14) - 16?
-14
What is the value of 4 + -10 - (14 + 25 + (-10 - 3))?
-32
Evaluate 5 + (66 + -62 - (4 + 0)).
5
What is the value of -2 - 5 - (-48 + 67 - 42)?
16
Calculate -20 - (-13 + 1) - -12.
4
What is -8 + (-1 - -2) + -10 + 8?
-9
Calculate (4 - -3) + -15 + -2 + 5.
-5
Calculate 10 + 2 + (4 - 22).
-6
Calculate -11 - (2 - 14 - (-66 - -72)).
7
Evaluate -8 + 6 + (-4 + -9 - -7) + 2.
-6
(-1 - (-10 + -21)) + 8
38
What is the value of -3 + (-3 - (-12 - (-14 + 9)))?
1
(-3 - 9) + (-14 - (-16 + 25) - -5)
-30
What is the value of -5 + (9 - -6) + 1 + -9?
2
What is the value of 1 + -1 - (-296 + 313) - 0?
-17
What is the value of 18 - -3 - 36 - -19?
4
What is -8 + -2 + 7 + (8 + -20 - -9)?
-6
What is the value of 1 + (-9 - -21 - 10) + 4?
7
Evaluate (-8 + 10 + -1 - 12) + 23.
12
What is -10 + (-13 - -39) + (6 - -4)?
26
What is 3 + (1 - 3) - (-18 + 2 - -8)?
9
Evaluate -17 + (77 - 16) + -20.
24
What is the value of -43 + 43 - (0 - 9) - -7?
16
What is 9 + (16 - 8) - (14 - (10 + -1))?
12
What is (-7 - (3 - 2)) + (-23 - -33)?
2
Calculate -2 + (-1 - 1 - (1 + 4)) + -5.
-14
-4 + -4 + 2 + -5 - -9
-2
What is the value of -1415 - -1408 - (-1 - -22)?
-28
Calculate -16 - (-44 + 25) - 12.
-9
Evaluate 0 + 10 + (-37 + 13 - -42).
28
Evaluate (-1 - (0 - 0)) + (8 - 3).
4
What is -3 + (5 + (13 - 5 - 12) - -6)?
4
30 + -45 + 5 - -41
31
-36 + (20 - 7) + 11
-12
What is 20 + (-3 - (-1 + -3) - 9)?
12
Evaluate 27 + -13 + -19 - -2.
-3
What is -4 - ((0 + -9 - -5) + 7 + -5)?
-2
What is the value of -9 + 16 - (-2 + 8)?
1
Calculate 14 + -4 + 3 + -20 + 14.
7
Evaluate 0 - -4 - (47 + -39) - (6 - -2).
-12
Evaluate 10 + -11 + -1 + 10 - (16 + -7).
-1
Calculate -3 + 4 + -1 - (-4 + 5 + 0).
-1
Evaluate (167 - 172) + 7 + -4 + 2 - -6.
6
What is -23 - (26 - 1 - 31)?
-17
What is the value of -1 + 4 - (-276 - -278)?
1
Calculate 51 - 36 - 36 - -28.
7
9 - (1 - (-6 + 